 k(5)?
8
Suppose 2*n - 2 = 5*d - 18, 5*d - 3*n = 19. Let s(y) = 5 - 3 - y**2 + 6*y**3 - 3 + d*y. Calculate s(1).
6
Let s(r) be the second derivative of -r**5/60 + r**4/24 - r**3/2 - r**2 + 2*r. Let n(o) be the first derivative of s(o). What is n(3)?
-9
Let r = 8 - 12. Let v(h) = h - 3. Determine v(r).
-7
Let r(d) = -d**3 - d - 1. Let x be r(0). Let k = 1 - x. Let v(m) = -k - 6*m + m + 2*m + 2*m. Calculate v(2).
-4
Let x(j) = -3*j**3 - 11*j**2 + 15*j + 6. Let t(l) = 4*l**3 + 11*l**2 - 16*l - 6. Let b(c) = 2*t(c) + 3*x(c). Calculate b(-12).
-6
Let l(c) = -17*c + 14*c - 3 + 2. Calculate l(1).
-4
Let s(k) be the third derivative of -k**4/12 + k**3/3 + 27*k**2. Calculate s(4).
-6
Let d(s) = 5*s**2 + 1. Suppose -2*p + 2*q = -0*q, -3*q - 5 = 2*p. Calculate d(p).
6
Let i(w) = 4*w**3 - 2*w**2 + 2*w - 1. Let n be ((-2)/(-2))/(15 + -14). What is i(n)?
3
Let f(y) be the third derivative of y**5/60 + y**4/3 + y**3/3 - 2*y**2. What is f(-7)?
-5
Let t(h) be the first derivative of -8/3*h**3 + h + h**2 + 1. Let l(f) = -f**2 - 6*f - 6. Let k be l(-5). What is t(k)?
-9
Let d(j) = j - 2. Let o(s) = -s**3 + 10*s**2 - 9*s + 12. Let i be o(9). Let a = i - 15. What is d(a)?
-5
Let x(t) = 2*t**3 - t**2 + t + 1. Let c(k) = k**3 - 7*k**2. Let j be c(7). Suppose j = y - 2*y - 1. Calculate x(y).
-3
Let i(l) be the first derivative of -10*l - 3*l**2 + 2 - 5*l + 14*l. Give i(-1).
5
Let r(t) = -11*t**3 + t**2 + 5*t + 1. Let w(u) = -10*u**3 + u**2 + 4*u + 1. Let f(k) = 2*r(k) - 3*w(k). Calculate f(-1).
-8
Let d(k) be the third derivative of 1/3*k**3 - 3*k**2 - 1/20*k**5 + 0*k + 0 - 1/8*k**4 + 1/120*k**6. Let t = 7 + -4. Give d(t).
-7
Let x(h) be the second derivative of -h**4/12 - 2*h**3/3 + 2*h**2 + 10*h. Calculate x(-6).
-8
Let k(g) = -7*g - 5*g - 7 - 4*g + 10*g. What is k(-5)?
23
Let a(p) be the first derivative of p**2/2 + 2*p + 22. Determine a(7).
9
Suppose 45 = 2*k - q, 0*k + 4*q - 95 = -3*k. Let z = -32 + k. Let n(b) = b**2 + 7*b + 3. Calculate n(z).
3
Let y(i) = i**2 + 3*i - 5. Let b(l) = -l - 9. Let n be b(-5). Determine y(n).
-1
Suppose 2*r = -r - 2*g + 24, 12 = 4*g. Let x(v) = v - 2. Determine x(r).
4
Let b(d) = d + 16. Let j(w) = -w - 17. Let x(s) = -3*b(s) - 2*j(s). Calculate x(0).
-14
Let d(k) be the second derivative of -4*k**3/3 + k**2/2 - k. Let c(w) = -w**3 - 5*w**2 + 15. Let h be c(-4). Determine d(h).
9
Let r(f) = -f**3 + f**2 + 1. Let g(s) = 2*s**3 - 4*s**2 - s - 8. Let d(y) = -g(y) - 3*r(y). Suppose 0 = -12*o + 15*o. Give d(o).
5
Let m = 5 - 2. Let p(z) = 0*z + 1 + 2*z + z + m. Give p(-4).
-8
Let y(w) = w**3 + 7*w**2 + 4*w - 7. Let v be 7/5 - 12/30. Let n = -5 - v. Calculate y(n).
5
Suppose 4*z - 4 + 0 = -4*g, -4*z + 11 = -3*g. Let b(h) = -4 + 7*h + z + 1. Let n = 2 + -1. Give b(n).
6
Let w(g) = g**3 - 6*g**2 + 2*g - 2. Let n = -161 - -165. Give w(n).
-26
Suppose 4*x + 64 = 8*x. Suppose d + m = -2*d + 12, -5*m - x = -4*d. Let i(p) = p - 2*p + 1 + d*p. What is i(-1)?
-2
Let j(g) = -2*g - 4. Suppose 0*x - 2*x = 0. Suppose x = 4*q - 6*q - 10. Determine j(q).
6
Let o be 7 - (-4 - -8) - -4. Let h(c) = -c + 3. Give h(o).
-4
Let t be 2 + 1 + 10/(-2). Let v be (t + 0)*15/6. Let u(s) = -5*s - 3*s**2 + 8*s**2 - 5*s**2 - 2 - s**2. Calculate u(v).
-2
Suppose 11 = w - 5*z, 5*w = 4*w + 2*z + 8. Suppose -4*y = w + 2. Let u(o) = 3*o + 3. What is u(y)?
-3
Let c(i) = -i**3 + 7*i**2 - 9*i + 9. Suppose 4*x = 2*s + 16, 5*s + 2*x = -2 - 2. Let u = s - -8. Give c(u).
-9
Let g = -4 - -5. Let t(s) = -11*s. Determine t(g).
-11
Let w(n) = -n**2 - n + 1. Let y be (-1)/(-3) - 11/(-3). Suppose -3*l + 24 - 21 = 0. Let o = l - y. Calculate w(o).
-5
Let j(f) = -4 + 254*f + 251*f - 504*f. Suppose 2*t - 3*p + 8*p - 4 = 0, 5*t = 5*p - 25. Give j(t).
-7
Let h(j) = -j**3 + 6*j**2 + 2*j - 8. Let m be 60/9 - 4/6. Give h(m).
4
Let k(a) = -88*a - 85*a - 2 + 6*a**2 + a**3 + 176*a. Let l be (1 + 0)/((-2)/10). Calculate k(l).
8
Let z be ((-2)/5)/((-3)/30). Let o(p) = 4*p**2 + 1 + p - p**3 - 3*p**2 - z*p**2 - 3*p. Give o(-3).
7
Let g(t) = -t + 7. Let y(j) = -j**3 + 9*j**2 - 5*j - 17. Let q be y(8). Give g(q).
0
Suppose 0 = 4*f - 0*a - 4*a + 20, -10 = -4*f - 2*a. Let c(q) = q + 7. Give c(f).
7
Suppose 3 + 1 = 2*j. Suppose -1 = 2*d - 3*h - 7, -h - j = 3*d. Let f(i) = -i**3 + i**2 - i + 7. Calculate f(d).
7
Let r(v) = -v**2 - 4*v - 4. Let f be 1/1*(7 - 2). Suppose f*x + 3*o + 30 = -2*o, -3*x + 5*o = -22. Let t = x - 2. What is r(t)?
-1
Let a(m) be the second derivative of m**6/360 - m**5/60 - m**4/6 + m**3 - 7*m. Let q(i) be the second derivative of a(i). Calculate q(4).
4
Let x(j) = -j**3 + 6*j**2 - 8. Let v = 3 - -3. Determine x(v).
-8
Let p(s) = -s + 14. Let y = -53 + 60. Calculate p(y).
7
Let l(d) be the second derivative of d**5/20 - d**4/3 - 5*d**3/6 + 7*d**2/2 - 24*d. Determine l(5).
7
Let h(n) be the first derivative of n**2/2 + 1. Suppose -f + 12 = z, 0*z = 4*f + z - 36. Let p be 2*(20/f)/(-1). Give h(p).
-5
Let u be (15/6)/(-5)*14. Let w = u - -10. Let c(r) = r + 0*r**w - r**3 - 2*r**3. What is c(-1)?
2
Let c(f) be the second derivative of 0 - 5/12*f**4 + f - 3/2*f**2 + 2/3*f**3 + 1/20*f**5. Determine c(2).
-7
Let w(y) = -3*y**3 + 2*y**3 - 3*y**2 + 2 - 3*y**2 - 5*y. Suppose 2*o + 22 = 2*c, -3*c + 14 = -o - c. Let z = -13 - o. Determine w(z).
2
Let n(o) = 2*o + 2*o + 0*o + 4. Calculate n(3).
16
Let s be 42/18 - 6/(-9). Suppose -2*i + s*i = 0. Let y(g) = g**2 - 15. What is y(i)?
-15
Let j(r) = -r**3 + 4*r**2 + 2*r - 6. Let h = -19 - -35. Suppose 0*i + 2*d = 5*i - h, -4*d + 4 = -i. Give j(i).
2
Let k be 15/(-5) + 10/2. Suppose 1 = -k*q + q. Let y(d) = -13*d**3 + 2*d**2 + 2*d + 1. Determine y(q).
14
Let m(r) = r**2 + 3*r - 2. Let i be m(-4). Let x(q) = 6*q + q**3 - 6*q**i - 2 + q**3 - q**3. Let u = 8 + -3. Calculate x(u).
3
Suppose 4*t = 5*n - 66, -2*n + 6 = 2*t + 48. Let o = 15 + t. Let r(j) = -j**2 - 4*j + 5. What is r(o)?
5
Let q(j) be the second derivative of j**6/720 - j**5/40 - j**4/12 + 3*j. Let o(l) be the third derivative of q(l). What is o(4)?
1
Suppose -3*m + 29 = -5*f, f - 17 = -3*m + 3*f. Let o(b) = -b**3 + 3*b**2 + 3*b + 4. Calculate o(m).
13
Let i(u) = -2*u + 2. Let a be i(2). Let d be 2/4 + 21/6. Let g(x) = -3 - 5*x**2 + d*x**2 - 3*x + 1. Determine g(a).
0
Let g(m) be the third derivative of 0 - 2/3*m**3 + 1/24*m**4 + 0*m - m**2. Give g(5).
1
Suppose 5*g + 4*g = 9. Let v(n) = 15*n**2 + 5*n - 6. Let d(h) = h**2 + h - 1. Let l(p) = 6*d(p) - v(p). Calculate l(g).
-8
Suppose 0*t + 4 = t. Suppose -2*s = -t - 2. Let k(m) = 2*m**2 - 3*m**2 + 5 - s*m + 2*m. What is k(0)?
5
Let p = -1733 - -207961/120. Let j(q) be the third derivative of 0 + p*q**6 + 0*q**3 + 0*q - 1/24*q**4 + 0*q**5 + q**2. Calculate j(1).
0
Let g(n) = -n + 1. Let b(w) be the third derivative of -1/8*w**4 + 0 + w**2 + 0*w + 5/6*w**3. Let o(i) = b(i) - 2*g(i). Determine o(-5).
8
Let m = -3 - -2. Let y(c) = -9*c + 3. Let j(b) = -27*b + 10. Let n(l) = -2*j(l) + 7*y(l). Determine n(m).
10
Let z(t) = 11*t**2 + 10*t - 12*t**3 + 27*t**3 - 14*t**3. Determine z(-10).
0
Let f(h) = -h**2 - h. Suppose 5 - 2 = -k. Give f(k).
-6
Suppose 4*z = -8 - 4. Let k be (1*(z - -5))/1. Let i(w) = w. What is i(k)?
2
Let u(y) = 6*y**2 + 6*y + 5. Let m(r) = -r - 1. Let x(i) = 5*m(i) + u(i). Calculate x(1).
7
Let l(h) = -8*h + 1. Let g = -6 - -6. Suppose g*r = -r - 1. Give l(r).
9
Let f(i) = -3*i**2 - 6*i - 11. Let h(t) = -5*t**2 - 9*t - 17. Let l(w) = 8*f(w) - 5*h(w). What is l(6)?
15
Suppose 2*v - y - 24 = 1, -y - 1 = 0. Suppose 0 = -d + 4*d - v. Let i(b) = -b + 5. What is i(d)?
1
Let t(n) = -n**3 + n**2 - n + 5. Let d be t(0). Let y be d*(2 - 12/5). Let v be (y/(-4))/((-1)/(-4)). Let h(m) = -3*m + 1. Determine h(v).
-5
Let y(o) = o**3 - 5*o**2 + o - 1. Let n(x) = -x + 7. Let m be n(4). Suppose -2*v = 3*z + v - 15, -m*z - 4*v = -15. Calculate y(z).
4
Let y(b) = b**3 - b**2 + 1. Let i(c) = 7*c**3 + c - 1. Let x(d) = i(d) - 6*y(d). Determine x(-6).
-13
Let o(f) = 5*f**2 + 8*f - 7. Let j(x) = -6*x**2 - 8*x + 7. Let i(c) = 6*j(c) + 7*o(c). Calculate i(6).
5
Let s(t) be the second derivative of -t**5/20 + t**4/6 - t**3/2 + 3*t**2/2 + 6*t. What is s(2)?
-3
Let g(a) = 4*a + 8. Let p(t) = -4*t - 7. Let q(b) = -6*g(b) - 7*p(b). Calculate q(-1).
-3
Let m(g) = -g**3 - 14*g**2 - g - 17. Let j be m(-14). Let u(l) = l**2 + 3*l - 2. Calculate u(j).
-2
Let m